reatest common divisor of 3456 and 833328?
432
What is the greatest common factor of 14897 and 1?
1
Calculate the greatest common factor of 94820 and 495.
55
What is the greatest common factor of 1008 and 222474?
42
What is the highest common factor of 896 and 31904?
32
What is the highest common divisor of 916179 and 33?
33
Calculate the highest common divisor of 7938 and 5390.
98
Calculate the greatest common divisor of 191 and 2588623.
191
What is the highest common factor of 139 and 156375?
139
What is the highest common factor of 81050 and 400?
50
What is the highest common divisor of 5655 and 195?
195
What is the highest common factor of 1810 and 53033?
181
What is the greatest common divisor of 202596 and 348?
12
Calculate the greatest common divisor of 68 and 29632.
4
Calculate the highest common factor of 83096 and 78.
26
What is the highest common factor of 369 and 501799?
41
Calculate the greatest common divisor of 31132 and 172.
172
What is the highest common divisor of 165 and 140145?
15
Calculate the greatest common factor of 5479665 and 2406.
1203
What is the greatest common factor of 325 and 6305?
65
Calculate the highest common divisor of 510947 and 599.
599
What is the highest common divisor of 376 and 396868?
188
Calculate the highest common divisor of 3448131 and 618.
309
What is the greatest common factor of 62529 and 456?
57
Calculate the greatest common divisor of 28 and 19784.
4
What is the greatest common factor of 320 and 4116?
4
What is the highest common divisor of 441 and 119?
7
What is the greatest common factor of 1163 and 8772509?
1163
Calculate the greatest common divisor of 192 and 1311840.
96
What is the highest common divisor of 139708 and 13839?
659
What is the highest common divisor of 4941 and 11285?
61
What is the greatest common factor of 44 and 884?
4
What is the greatest common factor of 285228 and 45?
9
What is the highest common divisor of 101200 and 14850?
550
What is the greatest common factor of 6111 and 9954?
63
What is the highest common divisor of 364 and 132041?
91
What is the greatest common divisor of 777 and 693?
21
What is the greatest common divisor of 18 and 6911766?
18
Calculate the highest common factor of 2136 and 4152.
24
Calculate the highest common factor of 1876 and 7756.
28
What is the greatest common divisor of 24522 and 10452?
402
Calculate the highest common factor of 4 and 306828.
4
What is the highest common divisor of 448 and 1660064?
224
Calculate the highest common divisor of 91584 and 736.
32
What is the highest common divisor of 221716 and 88?
44
What is the greatest common factor of 4 and 72681?
1
Calculate the greatest common divisor of 301 and 824697.
43
What is the highest common factor of 22043 and 56?
7
What is the greatest common divisor of 177908 and 158?
158
Calculate the greatest common divisor of 71985 and 6.
3
What is the highest common factor of 56 and 1953448?
56
What is the highest common factor of 99 and 619443?
99
Calculate the greatest common factor of 1983920 and 240.
80
Calculate the highest common divisor of 7 and 9509850.
7
Calculate the greatest common factor of 21 and 8192667.
21
Calculate the highest common factor of 3842 and 452.
226
Calculate the highest common factor of 1331 and 638.
11
Calculate the highest common factor of 42465 and 608.
19
Calculate the greatest common factor of 296446 and 17.
17
What is the greatest common factor of 1081695 and 45?
15
What is the highest common factor of 1880619 and 26?
13
Calculate the greatest common factor of 327320 and 8820.
980
Calculate the greatest common divisor of 94097 and 292.
73
What is the greatest common factor of 4767 and 924?
21
Calculate the greatest common factor of 1533 and 42.
21
What is the highest common factor of 679 and 8127?
7
Calculate the highest common divisor of 14 and 453194.
14
Calculate the greatest common divisor of 1574152 and 24.
8
Calculate the highest common divisor of 618 and 192.
6
Calculate the greatest common divisor of 1225 and 26019.
49
Calculate the greatest common factor of 385213 and 1354.
677
Calculate the highest common factor of 228 and 368676.
228
Calculate the highest common divisor of 4795254 and 9.
9
Calculate the highest common divisor of 5700 and 200.
100
What is the highest common factor of 91744 and 517?
47
What is the highest common divisor of 230 and 106582?
46
Calculate the highest common divisor of 66 and 157575.
33
Calculate the greatest common factor of 8330 and 1960.
490
What is the highest common divisor of 4 and 93219?
1
Calculate the greatest common factor of 2823 and 15.
3
Calculate the greatest common factor of 889847 and 161.
161
Calculate the greatest common divisor of 9632 and 98.
14
Calculate the greatest common factor of 1078 and 114562.
98
Calculate the highest common factor of 1320 and 103510.
110
What is the highest common factor of 3200 and 9325?
25
What is the highest common divisor of 76104 and 42?
42
What is the highest common factor of 1605 and 372681?
321
Calculate the greatest common factor of 13881 and 147.
21
What is the greatest common factor of 7516 and 256?
4
Calculate the highest common factor of 2732745 and 801.
267
What is the greatest common factor of 608 and 1957?
19
What is the greatest common factor of 45017 and 327?
109
Calculate the highest common divisor of 992 and 57248.
32
Calculate the highest common factor of 16 and 16464.
16
Calculate the highest common divisor of 297 and 513.
27
What is the greatest common factor of 10238 and 242?
2
Calculate the highest common factor of 570 and 3060.
30
What is the greatest common factor of 24640 and 2695?
385
Calculate the greatest common divisor of 594202 and 14.
14
Calculate the highest common factor of 7619 and 6416.
401
Calculate the greatest common factor of 22165 and 837.
31
What is the highest common factor of 78 and 53166?
6
What is the highest common factor of 177416 and 16?
8
Calculate the greatest common divisor of 47 and 128263.
47
What is the greatest common factor of 574 and 10250?
82
What is the highest common divisor of 978738 and 1570?
314
What is the highest common divisor of 233 and 5?
1
What is the greatest common factor of 58 and 82099?
29
What is the greatest common divisor of 5392 and 112?
16
What is the highest common factor of 564 and 248?
4
Calculate the greatest common divisor of 179452 and 203.
203
Calculate the greatest common divisor of 87 and 231681.
87
Calculate the greatest common divisor of 32 and 125024.
32
What is the greatest common divisor of 124 and 775961?
31
Calculate the highest common divisor of 205530 and 340.
170
Calculate the highest common factor of 23760 and 1848.
264
Calculate the highest common factor of 3979 and 126117.
173
Calculate the greatest common divisor of 170 and 332758.
34
Calculate the greatest common factor of 80971 and 561.
187
Calculate the highest common divisor of 263055 and 30.
15
What is the highest common factor of 14659 and 321?
107
What is the highest common divisor of 336756 and 252?
84
Calculate the greatest common divisor of 96 and 2149368.
24
Calculate the greatest common factor of 24274 and 5954.
458
Calculate the greatest common divisor of 34889 and 556.
139
What is the highest common divisor of 507 and 2802?
3
Calculate the highest common factor of 1060626 and 315.
21
What is the greatest common factor of 2214 and 41574?
246
What is the highest common factor of 9975 and 5075?
175
Calculate the greatest common factor of 2844 and 12564.
36
What is the highest common factor of 114 and 3318?
6
Calculate the greatest common factor of 635204 and 7580.
1516
What is the highest common factor of 4508 and 294?
98
Calculate the highest common divisor of 25440 and 432.
48
What is the highest common factor of 965 and 777211?
193
What is the greatest common factor of 84906 and 36?
18
Calculate the highest common factor of 4 and 4348.
4
Calculate the greatest common divisor of 67 and 3345779.
67
What is the greatest common factor of 27 and 224370?
27
Calculate the greatest common divisor of 160 and 243440.
80
Calculate the highest common factor of 47865 and 60.
15
What is the greatest common factor of 52 and 9092?
4
What is the highest common divisor of 45 and 335?
5
Calculate the greatest common f